 factor of 402?
True
Is 90 a factor of 2070?
True
Is 40 a factor of 1938?
False
Does 12 divide 2413?
False
Is 2220 a multiple of 20?
True
Is 2303 a multiple of 19?
False
Is 9 a factor of 9630?
True
Does 5 divide 9?
False
Is 33 a factor of 52486?
False
Is 611 even?
False
Is 540 a multiple of 18?
True
Is 72 a factor of 36216?
True
Is 7 a factor of 805?
True
Is 1913 a multiple of 24?
False
Is 50 a factor of 600?
True
Is 520 a multiple of 20?
True
Is 42 a factor of 3429?
False
Does 43 divide 860?
True
Is 509 a multiple of 63?
False
Is 10 a factor of 990?
True
Does 79 divide 1738?
True
Does 74 divide 60088?
True
Does 3 divide 144?
True
Is 2 a factor of 13?
False
Is 11 a factor of 61303?
True
Is 18630 a multiple of 162?
True
Is 3180 a multiple of 3?
True
Does 141 divide 9760?
False
Is 6 a factor of 150?
True
Is 8 a factor of 4353?
False
Does 11 divide 10005?
False
Is 7224 a multiple of 12?
True
Is 2740 a multiple of 20?
True
Does 52 divide 20362?
False
Is 1188 a multiple of 22?
True
Is 43 a factor of 5631?
False
Is 36 a factor of 10584?
True
Is 23420 a multiple of 209?
False
Is 4896 a multiple of 9?
True
Is 24 a factor of 1200?
True
Does 86 divide 4128?
True
Is 137 a multiple of 19?
False
Is 48776 a multiple of 28?
True
Does 7 divide 315?
True
Does 6 divide 756?
True
Is 135 a factor of 6615?
True
Does 25 divide 3587?
False
Does 7 divide 9712?
False
Does 7 divide 749?
True
Is 4212 a multiple of 117?
True
Is 78 a factor of 1326?
True
Is 6862 a multiple of 8?
False
Is 8 a factor of 25508?
False
Is 16 a factor of 832?
True
Does 42 divide 1722?
True
Does 3 divide 2649?
True
Does 17 divide 207?
False
Is 20695 a multiple of 25?
False
Does 14 divide 4242?
True
Is 30 a factor of 4680?
True
Is 10 a factor of 7000?
True
Is 1134 a multiple of 6?
True
Does 13 divide 299?
True
Is 95 a factor of 1611?
False
Is 15 a factor of 18045?
True
Is 467 a multiple of 10?
False
Is 27 a factor of 376?
False
Is 6 a factor of 456?
True
Is 1586 a multiple of 10?
False
Does 79 divide 7347?
True
Does 19 divide 1539?
True
Is 21 even?
False
Does 53 divide 6889?
False
Does 21 divide 111071?
False
Does 16 divide 240?
True
Is 37 a factor of 2526?
False
Is 7795 a multiple of 7?
False
Is 5829 a multiple of 29?
True
Is 333 a multiple of 25?
False
Does 30 divide 1703?
False
Is 98 a factor of 69446?
False
Is 7 a factor of 1176?
True
Does 13 divide 217?
False
Is 20 a factor of 16018?
False
Is 175 a multiple of 53?
False
Is 100 a factor of 8900?
True
Is 17 a factor of 578?
True
Does 30 divide 2520?
True
Does 26 divide 2938?
True
Does 93 divide 7998?
True
Is 689 a multiple of 8?
False
Does 22 divide 14980?
False
Is 16 a factor of 73808?
True
Is 41 a factor of 17753?
True
Does 90 divide 11054?
False
Is 27 a factor of 7082?
False
Does 12 divide 6021?
False
Is 858 a multiple of 39?
True
Is 3 a factor of 1899?
True
Does 51 divide 9611?
False
Is 5112 a multiple of 18?
True
Is 3 a factor of 267?
True
Is 23 a factor of 1562?
False
Does 16 divide 704?
True
Does 46 divide 28796?
True
Is 13515 a multiple of 17?
True
Does 8 divide 692?
False
Is 26 a factor of 1964?
False
Is 312 a factor of 92976?
True
Is 396 a multiple of 44?
True
Is 223 a multiple of 3?
False
Is 4566 a multiple of 168?
False
Is 68 a multiple of 28?
False
Is 137 a factor of 3699?
True
Is 885 a multiple of 4?
False
Is 550 a multiple of 50?
True
Is 6 a factor of 858?
True
Is 65 a factor of 116?
False
Does 21 divide 7967?
False
Is 92 a factor of 37444?
True
Is 12941 a multiple of 52?
False
Is 882 a multiple of 14?
True
Is 768 a multiple of 16?
True
Is 69595 a multiple of 30?
False
Is 923 a multiple of 10?
False
Is 5 a factor of 858?
False
Is 1690 a multiple of 13?
True
Is 207 a multiple of 23?
True
Is 8 a factor of 2160?
True
Does 48 divide 20542?
False
Is 665 a multiple of 18?
False
Is 74 a factor of 17984?
False
Is 108 a multiple of 15?
False
Does 2 divide 1929?
False
Is 291 a multiple of 97?
True
Is 144 a multiple of 8?
True
Is 32752 a multiple of 46?
True
Does 38 divide 39242?
False
Is 45 a factor of 7301?
False
Is 22 a factor of 308?
True
Does 88 divide 2569?
False
Does 14 divide 18536?
True
Is 5 a factor of 280?
True
Is 3657 a multiple of 9?
False
Does 32 divide 8256?
True
Is 1968 a multiple of 28?
False
Is 11 a factor of 1723?
False
Is 2 a factor of 113?
False
Is 10 a factor of 1017?
False
Does 7 divide 4267?
False
Is 88 a factor of 42213?
False
Is 16 a factor of 48?
True
Is 1496 a multiple of 11?
True
Does 419 divide 16239?
False
Does 30 divide 8387?
False
Is 11830 a multiple of 169?
True
Is 58 a factor of 101268?
True
Is 11 a factor of 21112?
False
Is 2638 a multiple of 14?
False
Does 74 divide 592?
True
Is 2 a factor of 1745?
False
Is 134 a factor of 18894?
True
Is 144 a multiple of 12?
True
Is 376 a multiple of 47?
True
Is 29 a multiple of 3?
False
Is 11 a factor of 118?
False
Is 7 a factor of 3990?
True
Is 51 a factor of 71043?
True
Is 4653 a multiple of 141?
True
Does 12 divide 11436?
True
Is 26400 a multiple of 55?
True
Does 53 divide 19507?
False
Is 12639 a multiple of 80?
False
Is 175 a multiple of 25?
True
Is 73 a factor of 10615?
False
Is 38 a factor of 5023?
False
Is 4639 a multiple of 17?
False
Does 2 divide 127?
False
Does 16 divide 3760?
True
Does 7 divide 14?
True
Is 870 a multiple of 8?
False
Is 19 a factor of 1096?
False
Is 38035 a multiple of 14?
False
Is 9 a factor of 1089?
True
Does 11 divide 5673?
False
Is 666 a multiple of 37?
True
Does 19 divide 2508?
True
Does 113 divide 37570?
False
Does 32 divide 2000?
False
Does 127 divide 23368?
True
Does 21 divide 462?
True
Is 13 a factor of 5593?
False
Is 1867 a multiple of 13?
False
Is 27 a factor of 1827?
False
Is 525 a multiple of 21?
True
Is 1752 a multiple of 24?
True
Does 40 divide 41920?
True
Is 3 a factor of 63?
True
Is 30 a factor of 302?
False
Is 12950 a multiple of 37?
True
Does 12 divide 19811?
False
Is 16 a factor of 1168?
True
Does 67 divide 20167?
True
Is 9 a factor of 265?
False
Does 162 divide 4218?
False
Is 3762 a multiple of 30?
False
Is 54 a factor of 11232?
True
Is 43 a factor of 6708?
True
Is 23 a factor of 943?
True
Is 14 a factor of 3355?
False
Is 45 even?
False
Is 7010 a multiple of 7?
False
Is 32 a factor of 5183?
False
Is 15536 a multiple of 16?
True
Is 6510 a multiple of 31?
True
Is 1659 a multiple of 54?
False
Is 442 a multiple of 36?
False
Is 15 a factor of 9227?
False
Is 158 a factor of 35011?
False
Does 43 divide 104?
False
Is 26 a factor of 41?
False
Is 125 a factor of 1500?
True
Does 109 divide 8525?
False
Is 29 a factor of 1469?
False
Is 24586 a multiple of 23?
False
Is 45859 a multiple of 121?
True
Is 480 a multiple of 47?
False
Does 4 divide 426?
False
Does 361 divide 62453?
True
Is 21213 a multiple of 73?
False
Does 13 divide 929?
False
Is 1141 a multiple of 7?
True
Does 6 divide 216?
True
Does 18 divide 771?
False
Is 14382 a multiple of 102?
True
Does 16 divide 1472?
True
Is 65 a factor of 41990?
True
Is 486 a multiple of 27?
True
Is 10 a factor of 716?
False
Is 10 a factor of 750?
True
Is 55 a factor of 4752?
False
Is 15396 a multiple of 12?
True
Is 92 a factor of 682?
False
Does 59 divide 232?
False
Is 36542 a multiple of 69?
False
Does 16 divide 2426?
False
Is 2266 a multiple of 103?
True
Does 41 divide 943?
True
Is 26340 a multiple of 28?
False
Is 50707 a multiple of 28?
False
Does 4 divide 166?
False
Is 40 a factor of 560?
True
Is 11 a factor of 186?
False
Is 161 a multiple of 7?
True
Is 25772 a multiple of 17?
True
Is 1152 a multiple of 24?
True
Is 3163 a multiple of 35?
False
Is 110 a factor of 3995?
False
Is 1496 a multiple of 8?
True
Is 6600 a multiple of 44?
True
Is 45 a factor of 11061?
False
Is 920 a multiple of 10?
True
Is 8 a factor of 152?
True
Does 78 divide 2652?
True
Is 158 a factor of 37171?
False
Does 34 divide 4004?
False
Does 125 divide 83500?
True
Is 5 a factor of 5080?
True
Is 157 a factor of 58921?
False
Does 33 divide 495?
True
Is 272 a multiple of 16?
True
Does 3 divide 637?
False
Is 209 a multiple of 12?
False
Does 49 divide 3310?
False
Is 28714 a multiple of 7?
True
Is 58 a factor of 290?
True
Is 14 a factor of 28872?
False
Is 7 a factor of 2034?
False
Is 13 a factor of 40612?
True
Does 11 divide 495?
True
Is 9350 a multiple of 11?
True
Does 12 divide 10901?
False
Is 38 a factor of 339?
False
Does 